23
Calculate (53 - (111 - 14)) + 15.
-29
Calculate (48 - (6 + 14) - 25) + -4.
-1
Evaluate -16 + 23 + (-18 - (8 + -10)) + 16.
7
Evaluate -2 - -3 - (-80 + 124 - (0 - -18)).
-25
Evaluate (121 - (12 + -12 + 1 - -13)) + 3 + -10.
100
What is the value of 92 + 21 - (-85 - -247)?
-49
What is 10 - (-1 + (9 - (-6 + 7))) - (1 - -34)?
-32
-6 + 2 - ((-9 - -21) + -19 + 7 - 3)
-1
Calculate -7 + (-33 - (-34 - 9)) + 5 + (-1 - 2).
5
Calculate 1 + -9 + (-21 - -35) + -19 + 2.
-11
What is -6 - (1 + 20 + -25 + 13 - (-1 + 0))?
-16
1 + -2 + (-128 - -89) + 9 - (0 - 0)
-31
(-23 - (28 + 5 + -25)) + 3 + 9
-19
What is 20 + -3 + (2 - 1) + 1?
19
Calculate (4 - -20) + -75 + (-70 - -50).
-71
Evaluate (113 - 18 - 42) + -5.
48
Evaluate -20 + (4 + -10 + 5 - -15 - 27).
-33
What is -20 - (13 - (-26 - 11))?
-70
What is the value of -25 + ((-13 - -3) + 0 - (55 - 60 - -5))?
-35
What is the value of -60 + -79 + 237 - (-24 - 1)?
123
What is the value of -46 + -4 - (242 - 337)?
45
Calculate -40 + -1 - (-43 - (-6 - -104)).
100
Evaluate (-29 + (7 - -9) - -131) + -11 - 0.
107
What is the value of (759 - 882) + (11 - 5 - 5 - -3)?
-119
Calculate 0 + 43 + (-128 - (-45 + -87)).
47
What is -37 - (-101 + 75 + 2)?
-13
What is the value of 36 - (77 - (-54 - -26))?
-69
What is 5 - -17 - (14 - (17 - 9)) - 37?
-21
-4 + 4 - (-30 - -25) - (-5 + 9 + 75)
-74
What is the value of (-31 - (-11 - (-9 - 6))) + -3 + -4 + 7?
-35
Evaluate (22 - 1) + -186 + 264 + -50.
49
What is the value of -1 - ((16 - 1 - 1) + (-50 + 77 - 29))?
-13
(-39 - -4 - -3) + (-75 - -88) - -11
-8
14 + (11 - (-28 + 12)) + (0 - -9)
50
What is 0 + 8 + 2 + -270 + 250 + -14?
-24
What is 19 + 10 - (72 - 12) - -46?
15
What is the value of (-38 - (-3 - 8)) + 66?
39
-6 + 12 - -20 - (-22 - -14)
34
(-8 - -17) + 0 - ((7 - 5) + -49)
56
-74 + 107 + (-9 + 4 - 8)
20
Evaluate (7 - 0) + -30 + (23 - 7) + (-3 - -10).
0
42 + (11 - 15 - 11)
27
What is 7 - (13 + (-11 - -3)) - (-20 - -13)?
9
Evaluate 7 - (-10 - -11) - (1 - -7) - (-5 - 63).
66
What is 1 + 2 + (193 - 204) - (13 + 1)?
-22
What is -36 + 39 + (-8 - (19 + -8 + -5)) + 6?
-5
-27090 + 27067 - (0 - (62 + -1))
38
Calculate 187 + -41 - (-80 - -210).
16
6 + 0 - (-1577 - -1581)
2
Evaluate 0 - ((1 + 19 + -1 - (1 - -10)) + -54).
46
Calculate 0 + -2 + 1 - (-1382 + 1426 - (0 - 36)).
-81
What is the value of -63 - (-16 + (-35 - -25) + 10)?
-47
Calculate (68 - (-27 - -80)) + 49.
64
What is -141 + 143 - (-1 - (-36 - 1)) - -6?
-28
Calculate -24 + (-50 - (11 + -80) - (9 + 0 + 3)).
-17
-1 - -10 - (-1 - (-3 - 18)) - 3
-14
What is -3369 + 3214 - (-1 + -69)?
-85
What is the value of -4 - 82 - (-111 + (94 - 20))?
-49
30 - (-119 + 238 - 199)
110
What is 66 + (21 - (38 - (-35 + 36)))?
50
Calculate 0 + 1 + -3 - 13 - ((37 - -12) + -58).
-6
What is 121 + (-9 - 18) + (66 - 51)?
109
Evaluate -1 + 12 + (26 - -11 - 44) + (0 - 48).
-44
Evaluate -41 + 62 + -64 + 70.
27
Evaluate (15 + -11 + 23 - (11 - -2)) + 49.
63
What is the value of 35 + -13 + -13 - (2 + 5 + -8)?
10
Evaluate 34837 + -34859 + (1 - 2) + 37.
14
Calculate (-1 - (-1 + -124)) + 24 + -1 - 20.
127
What is -54 - (6 - (-5 - -3)) - (3 + -10 + 17)?
-72
(-37 - -1) + -14 + -21
-71
What is (0 - (0 + -19)) + (-28 + 13 - (-9 - -1))?
12
What is -46 - (-7 + 2 + 13 - (1 - -20))?
-33
52 + (28 - 18) + 5 - 17
50
What is the value of -1 - (-40 + (-5 - 18 - -8 - -26))?
28
Evaluate (70 - 67) + (30 - 2) + -124.
-93
(39 - 23) + (-1 - (-4 - 20))
39
88 + -1 - (52 - 26) - -2
63
Calculate -53 - -60 - (13 + -4 - 3 - 53).
54
What is the value of 6 + 9 + -1 + 35 - (-9 - 1) - 8?
51
Evaluate -2928 - -2941 - (1 + 0 + -22).
34
What is the value of -4 - (50 + -70 + -94)?
110
Evaluate -2 + -6 - ((3 - (-6 + 5)) + -11) - 6.
-7
What is the value of -7 + -41 + (33 - (44 - 18))?
-41
What is the value of -1 + 0 - (-12 + 2) - (28 - 9) - -42?
32
Evaluate (28 - (34 + -9)) + (-48 - -50) + (-1 - -10).
14
Evaluate -3 + -7 + (7 - 3).
-6
Evaluate -1 + -1 + (4 - 9) + (34 + -2 - -4).
29
Calculate -1 - -8 - (96 + 46 + -2).
-133
What is (1 - 54) + (-3 - (14 + -3 + -3 + -3))?
-61
What is the value of 0 + -24 + (-3 + -37 + 4 - -18)?
-42
Evaluate -30 + 4 + -1 + (-45 - -17) + 17.
-38
Evaluate -42 + (4 - 3) + -7 + -35 + 51.
-32
Calculate (-28 - 0 - 73) + (5 - -15).
-81
What is 115 + -121 + (4 - (4 + -1))?
-5
What is the value of 3 - (9 + 1 + 19 + 13 - -2 - 13)?
-28
(48 + (-38 - -13) - -24) + 12
59
Evaluate 9 + (-20 - (38 - 67)) - 92.
-74
Evaluate -19 + -22 + 52 + 18 - 15.
14
Calculate (-8 - (-3 - -3)) + 53 + (13 - 21) + 3.
40
Calculate 5 + 21 - 35 - (-22 - 5 - -6).
12
Calculate -1 + 1 + 2 + 11 - -4.
17
What is (-107 - (-70 - -15)) + -20?
-72
Calculate -101 + (112 + -105 - -44).
-50
Calculate -7 + 6 + -102 + 4 + (0 - 1).
-100
What is the value of 627 + -232 + -402 - (-1 - (-1 + (8 - -1)))?
2
Evaluate (-15 + 13 + 13 - -2) + (-5 + 1 - -23).
32
Evaluate 202 - 261 - (-33 + -3).
-23
What is the value of 443 - 420 - (-2 - 0) - 30?
-5
Calculate -17 - (-19 - -10) - (-17 - -35 - 21).
-5
Evaluate -51 - -7 - (-713 - -681).
-12
Evaluate 101 + -59 + (-2 - 33).
7
Evaluate -9 + 7 + 3 + (-1 - (7 - 10)).
3
What is the value of (-39 - -17) + (-12 - 1) - -44?
9
What is -28 - (-12 - (12 - 12)) - 9?
-25
Evaluate -5 - (-19 + (6 - (8 - 6)) - -5 - 7).
12
What is 18 - 1 - (25 - (-8 - (-45 - -89)))?
-60
Calculate 26 - (42 - (-10 + (5 - -15))).
-6
-11 + (8 - 4) + (7 + 56 - 0)
56
Calculate 15380 - 15366 - (3 - ((-1 - 1) + 5) - -44).
-30
What is -2 + (-1 - -2 - (-18 - -32) - (105 + -128))?
8
What is -1 - -11 - (-33 - (27 - 51) - -17)?
2
95 - (63 + -138 + 175)
-5
What is -38 + 0 + (-10 + (28 - 9) - 1)?
-30
Evaluate -31 - (-30 + (-2 - -15)) - -51.
37
Calculate -6 + (-24 - (-30 - 6)).
6
(-49 - -99) + -19 - 12
19
Calculate (21 - 14 - -30) + -98.
-61
What is 40 + -1 + (-59 - (42 - 95))?
33
What is (13 - (-6 - 6 - -14)) + -2 + 16?
25
Evaluate -29 + (0 - -29) - 4 - 4.
-8
What is the value of -1240 - -1201 - (-17 + -3 + 1)?
-20
What is -140 - (166 + -27 + -228)?
-51
Evaluate (3 - (1 - 2 - -32)) + 19 + -8.
-17
What is -43 - (-40 - -75) - -88?
10
(-28 - -28) + -43 - -13
-30
-16 - ((-76 - (-7 - -34)) + -5 + 25)
67
Calculate -156 - (-17 + -11 + -78).
-50
What is the value of (0 + 5 - 8) + (5 - (6 - 0))?
-4
What is -12 + (21 - 33 - (-23 - 0))?
-1
Evaluate 66 + -36 + 10 - 66.
-26
Calculate 35 + 1 - (-402 + 518) - 13.
-93
What is 23 + -27 + 0 + -4 - -1 - (-22 - 92)?
107
What is the value of (-32 - -63 - 13) + -44?
-26
(-49 + -32 - 9) + 67
-23
-15 - ((6 - (3 - 2)) + -37) - -2
19
Evaluate (-96 - -16) + (-97 - -195).
18
What is the value of 69 + -13 + -146 + 49?
-41
-56 - -48 - 13 - -21
0
(3 - 0) + -31 + -528 + 476
-80
What is the value of 3 - 19 - (-17 - (-53 - -7) - 104)?
59
-46 - (-14 - 9) - -17
-6
What is the value of (-30 - (-5 - -4)) + 590 + -563?
-2
Evaluate (0 - 2) + 67 + -80 + 64 + -8 + 0.
41
What is -80 + (125 - 57) + 56 + (1 - 0)?
45
Calculate (-2 - -9) + (2 + -1 - 8) - (-20 + -12).
32
What is 45 + -79 - -69 - 76?
-41
Calculate -28 - -115 - ((1 - 7) + (9 - 0 - 14)).
98
What is (-26 - (-50 + 11)) + 42?
55
Calculate -9 - -1 - (-85 + 39) - (-12 - -2).
48
What is the value of 22 + (0 + -108 - (-193 + 176))?
-69
54 + 1 + (30 + (-116 - -46) - -32)
47
13 + -10 + -18 + (-8 - (-17 + 9))
-15
Evaluate (54 - 108) + 113 - 104.
-45
What is 48 - (109 - (198 + -95))?
42
Calculate (18 - 64) + 19 + 1 + (1 - 16).
-41
3 + 3 + 14 + (5 - 19)
6
What is the value of 23 + (-17 - -23 - 25) - 5?
-1
-2 - ((-242 - -244) + (-1 - 13)) - 1
9
Calculate -75 + (-46 - (61 - 145)).
-37
Evaluate (33 - 16) + -32 + (-3 - -20) + 35.
37
Evaluate (-501 - -511 - (-1 - 1)) + (-65 - -1).
-52
(-2 - -20) + (-121 - -11) + 0 + 16
-76
Evaluate 108 + (50 - (79 - 37 - 2)).
118
Calculate 16 + -8 + 121 + (6 + -21 - -10).
124
What is -93 + 11 + 36 + (10 - 0 - 1)?
-37
What is the value of -23 + 8 + 24 + -23?
-14
Calculate 11 + (141 + -141 - (-2 - 9)) + (11 - 2).
31
What is 21 - (37 - (13 + 11) - 24)?
32
What is (-57 + -39 - -22) + 43 + -56?
-87
What is the value of 60 + 8 + (-3 - -2) - (25 - (118 + -86))?
74
Calculate 42 - 68 - (-1 + (0 - -5)).
-30
What is the value of (-92 - -61 - 67) + 23?
-75
Evaluate 171 - (2 + 93) - ((-2 - -1) + 1).
76
7 + 55 + 40 + -47
55
What is (-27 - -11) + 11 + (5 - (5 + -1))?
-4
Calculate -32 + -5 + (-23 - -44 - 3) - -121.
102
Evaluate 68 - -44 - 78 - 118.
-84
What is (11 - -61) + (-4 +